x**4 - w*x**3 - 2*x**2 + 0. What is p(5)?
6
Let m(v) = -4*v**3 + 3 + 3*v + 2*v**3 - 2*v**2 - 3*v**2 + 3*v**2. Suppose l - 2 = -4. Calculate m(l).
5
Let f(n) = -n**2 + n - 1. Let j(s) = -4*s**2 - 4*s - 7. Let t(d) = 3*f(d) - j(d). What is t(-5)?
-6
Let k(x) = 1 + 0 + 212*x - 211*x. What is k(-7)?
-6
Let w(j) = j**2 + 2*j - 3. Suppose -2*k + 0*k + 10 = 0. Suppose k*a - 2*a = 6. Let n = a + -6. Calculate w(n).
5
Let f(s) = s**2 + 3*s + 3. Let u = -13 + 22. Let v = -11 + u. Give f(v).
1
Let v be 5 + (-3)/6*2. Let x = v - 3. Let f(j) = -1. Let o(l) = 8*l + 40. Let d(u) = -40*f(u) - o(u). Give d(x).
-8
Let g(t) = 8*t**3 + 5*t**2 - 4*t + 6 - 15*t**3 + 4*t**3 + 4*t**3. Determine g(-6).
-6
Let w(i) = 6*i**2 - i + 3 - i**3 + 0*i**3 - 2*i**2. Let k be ((-5)/3)/((-1)/3). Let p be 4/(-10) + 22/k. Give w(p).
-1
Let v(k) = k**2 - 3*k - 1. Let z be (-7)/(-14)*8/2. Let l(o) = -5*o**2 + 11*o + 5. Let a(g) = z*l(g) + 9*v(g). What is a(-5)?
1
Let a = 2 - 4. Let s(r) = -r**3 - 5*r**2 + 2. Let f be s(-5). Let d(b) = -1 - 3*b - 3 + f*b. Give d(a).
-2
Suppose 1 = -3*v + 10. Let j(z) = z**3 - 6*z**2 + 2*z + 1. Let b(h) = -h**3 + 7*h**2 - 2*h. Let c(n) = v*b(n) + 4*j(n). Calculate c(3).
10
Let v(f) be the first derivative of -1 + 1/2*f**2 - 5*f. Let r = -6 + 11. Give v(r).
0
Let p be 125/35 - (-15)/35. Let m(a) = -a**3 + 3*a**2 + 2*a + 2. Calculate m(p).
-6
Let w(n) = -n**2 - 5*n. Let q be (-10)/(-35) - 82/(-7). Suppose q = -i - i. What is w(i)?
-6
Let j(i) be the third derivative of 1/12*i**4 + 0*i - 1/3*i**3 + 5*i**2 + 0. Suppose 0 = -g + 2*f + 11, -4*g + 1 = -4*f - 31. Calculate j(g).
8
Let k = 5 - 3. Let d(i) = i**3 - 3 + 0*i**k + 2 - i**2. Let a(c) = 5*c**3 - 3*c**2 + c - 1. Let b(y) = -a(y) + 6*d(y). Determine b(4).
7
Let q be (-13)/(-13) - (-1)/1. Let h be -2*1/q - -4. Let s(a) = a**3 - 5*a**2 + 4*a - 1. Give s(h).
-7
Suppose -3*a = 2*a + 30. Suppose 0 = -7*h + 3*h - 8. Let s be (1 + 2)*h/a. Let i(o) = -o**2 - o + 1. Give i(s).
-1
Let n(y) be the first derivative of -y**4/4 + 4*y**3/3 + y**2/2 - 4*y - 1. Determine n(4).
0
Let n = -7 + 5. Let q(l) be the second derivative of -l**3/3 - l**2 + 2*l. Calculate q(n).
2
Let z(o) be the second derivative of -o**4/12 + o**3 + 7*o**2/2 + 3*o. Give z(5).
12
Let u(z) = z. Let c(y) be the second derivative of -y**3/6 + 10*y**2 + y. Let d be c(0). Suppose s - 6*s = d. Calculate u(s).
-4
Let i = -2 + 4. Let g(a) be the second derivative of 1/4*a**4 + 0 + 1/2*a**2 - i*a - 1/3*a**3. Give g(1).
2
Suppose -2*x + 4 = -2*j, 5 = -5*j - 3*x - 13. Let d = 11 - 6. Let b(n) = 3 - d*n + 4*n + 0 + 2*n. What is b(j)?
0
Let y(g) = -2*g - 3. Let p(v) = 2*v + 4. Let z(r) = 4*p(r) + 3*y(r). Suppose 1 = 2*i - 13. Let u = i + -12. What is z(u)?
-3
Suppose -3*f + 10 = -5*i, 2*f + f - i - 2 = 0. Let v(m) = -m**2 + m - 6. Calculate v(f).
-6
Let m(i) = 14*i**3 - i**2 + 1. Let j = -22 + 23. Determine m(j).
14
Let h(l) be the first derivative of l**3/3 - 5*l**2/2 + 6*l + 15. Let m = -5 + 3. Let p be ((-4)/m)/1 + 2. Give h(p).
2
Let i = 11 + -9. Let a(q) = -q - 6. Let g be a(-8). Let w(l) = 4*l + 0*l + 3*l**2 - i*l**g - 3. Calculate w(-4).
-3
Suppose 0 - 3 = -z. Let a(w) = w**3 - w**2 - 2*w + 1. What is a(z)?
13
Let s(h) = -h**2 - 2*h - 2. Suppose 1 = 3*i + 10. What is s(i)?
-5
Let h(k) = -k**2 + 40*k + 87. Let f be h(42). Let m(u) be the third derivative of u**6/120 - u**5/15 + u**4/12 + u**3/6 - 2*u**2. Give m(f).
-2
Let g(o) = 4*o + 1. Let p = -12 - -13. Determine g(p).
5
Let t(z) be the third derivative of 0 + 1/8*z**4 - 3*z**2 - 5/6*z**3 + 0*z. Calculate t(5).
10
Let z be (-23)/5 + (-12)/30. Let b(r) = -r**3 - 6*r**2 - 4*r + 6. Calculate b(z).
1
Let j(t) = 5*t**2 - 2*t - 1. Suppose -z = 1, 3*x + z - 10 = -z. Suppose 5 = x*m - 9*m. Determine j(m).
6
Suppose 6 = 2*f - 4*f. Let z(h) be the second derivative of -h**4/24 + h**3/2 + 2*h**2 - 4*h. Let n(o) be the first derivative of z(o). Determine n(f).
6
Suppose w + 2*w - 72 = 5*g, 0 = -5*w - g + 148. Suppose w = 5*l + 9. Let f(t) = -t**3 + 5*t**2 - 2*t - 5. Give f(l).
3
Suppose -6*z = -5*z + 2. Let h be z/10 - 44/(-20). Let d(t) = 3*t - 1. Determine d(h).
5
Let z(h) = 5*h**2 + 2*h - 2. Let g(f) = 4*f**2 + f - 2. Let v(q) = -4*g(q) + 3*z(q). Give v(3).
-1
Let c(g) = g + 3. Let l be c(5). Suppose l = 2*r + 2*r. Let x(u) = -r - 2 + 1 + 4 - u. Give x(5).
-4
Let w(o) = o**3 - 3*o**2 - 10*o + 5. Let g(y) = 2*y**3 - 5*y**2 - 20*y + 9. Let d(h) = 3*g(h) - 7*w(h). Determine d(7).
13
Let q(l) = -l + 3. Let p = 36 + -31. Calculate q(p).
-2
Let v(x) = 2 - 1 + x**2 - 1 + 2. Let c = 1 - -2. Suppose -4*p = -c*u + 12, u = -5*p - 2*u - 15. Calculate v(p).
11
Let h(p) = -p - 2. Let y be (1 - -8 - 9)/(-2 + 1). Determine h(y).
-2
Let w(o) = 22*o - 4. Let t(k) = -1. Let l(v) = 3*t(v) - w(v). Calculate l(1).
-21
Let f(v) be the first derivative of v**4/4 - 2*v**3/3 + v**2 - v - 23. Give f(2).
3
Let p(a) = 10 - 4 - 9 + 5*a + 1 + a**2. Give p(-6).
4
Let g(w) = -w**2 - 5*w - 3. Let a be g(-3). Let x(z) = -4*z**2 - z + 7. Let j(u) = u**2 + u - 1. Let s(r) = 3*j(r) + x(r). What is s(a)?
1
Let j be (10/3)/((-10)/15). Let w(m) = -2*m - 3. Determine w(j).
7
Let q = 27 + -22. Let z(w) = w - 1. Determine z(q).
4
Let a(z) = -17 + 17 + 6*z. Give a(-1).
-6
Let c = -9 + 18. Let o = -5 + c. Let q(k) = -k**2 - 1. Let b(f) = 2*f**2 + 6*f + 2. Let d(w) = b(w) + 3*q(w). Determine d(o).
7
Let n(c) be the second derivative of 0*c**3 - 1/12*c**4 + 1/2*c**2 - 4*c + 0. Suppose -3*u + 7*u = 4. Calculate n(u).
0
Let x(w) be the third derivative of w**4/24 - w**3/3 + 48*w**2. What is x(-7)?
-9
Let i be (0 + 0 - 0)/(-2). Let s(p) = p**3 - p + 5. What is s(i)?
5
Let l(t) = -t. Let u = -13 - 4. Let s = -20 - u. Give l(s).
3
Let t(c) be the third derivative of -5/6*c**3 + 1/60*c**5 - 2*c**2 + 0 + 0*c + 5/24*c**4. What is t(-5)?
-5
Let o(y) = -5*y**3 - 3*y**2 + 2*y + 3. Let p(b) = -b**3 - b. Let n(z) = -o(z) + 4*p(z). What is n(-5)?
-23
Let h = 12 - 10. Let q(n) = n**3 - 6*n**3 + 0*n**2 - h*n**2 + 1. What is q(-1)?
4
Let g(s) = -s**3 + 2*s**2 + 3*s + 1. Let c(j) = 4*j - 5. Let v be c(2). Give g(v).
1
Let g(m) = -3 + 3 + 4*m. Let v(h) = h**2 - h - 4. Let p(t) = -3*t**2 + 2*t + 11. Let k(q) = -3*p(q) - 8*v(q). Let o be k(-2). Give g(o).
-4
Let y(w) = 6*w**2 - 1. Suppose m - 6*m + 55 = 0. Let l(i) = -i + 10. Let t be l(m). Calculate y(t).
5
Let t(o) be the second derivative of -o**5/120 + o**4/3 + o**3/6 - 3*o. Let f(i) be the second derivative of t(i). Give f(4).
4
Let b(s) = s**2 + 10*s + 9. Let w be -5*1*(-20)/(-25). Let v(q) = q + 1. Let y(t) = w*v(t) + b(t). What is y(-6)?
5
Suppose -5*x = -10, -3*r + 3*x + 0*x = 21. Let o(k) be the second derivative of 0 + 3/2*k**2 + 1/20*k**5 + 1/2*k**4 + k + 5/6*k**3. What is o(r)?
3
Let n(f) be the third derivative of -f**4/24 + f**2. Suppose -3*k - 9 + 0 = 0. Give n(k).
3
Let h(w) = -w**3 - 6*w**2 - 7*w - 6. Let g be h(-5). Let x(y) = y**3 + 9*y**2 + 9*y + 8. Let m be x(-8). Let s(o) = -o - o - 1 + m*o + 3. Calculate s(g).
-6
Suppose -5*h - 27 = -4*y, 3*y - 4*y = 2*h + 3. Suppose 3*f + 14 = u + 3*u, 10 = -5*f. Let l(r) = 3 + 2 + 5*r**u - r**y + 1. Determine l(5).
6
Let h(r) = 2*r + 2*r**3 - 3*r**3 + 2 - 3*r - r**2. Let t(a) = -2*a**3 - 2*a**2 + a + 1. Let c be t(1). Give h(c).
8
Let g(w) = -w**3 + 4*w**2 - 2*w - 4. Let x be g(3). Let c be x/(-4) + 25/(-20). Let f be (3/6)/(c/(-2)). Let j(r) = -5*r**2 + r. Determine j(f).
-4
Suppose 29 - 23 = 2*b. Let w(p) = p**3 - 3*p**2 - p + 3. Calculate w(b).
0
Let s(w) = w**2 - 10*w - 31. Let k be s(12). Let l(d) = -d**2 - 8*d - 8. Calculate l(k).
-1
Suppose q + 14 = -2*y, -10 - 35 = 5*q + 5*y. Let a(m) be the second derivative of m**3/6 + 13*m. Give a(q).
-4
Let h(d) = -d**2 - d - 13. Let b be h(0). Let m(k) = -k**2 - 14*k - 12. Let w be m(b). Let c(v) = 9*v**3. Determine c(w).
9
Let y(q) be the first derivative of 5*q**3/3 + q**2 + q + 4. Give y(-2).
17
Let j(u) = -4*u**2 + u + 2 - u**3 + 2*u**2 + u**2 + 3*u**2. Let k(x) = -x**3 + 5*x**2. Let p be k(5). Suppose -5*n + f - 6*f = p, -2*n + 2*f = -12. Give j(n).
-4
Suppose 0 = -2*v + p + p + 18, -3*v - p + 7 = 0. Suppose 5*i - 2*a + a = 0, 0 = -v*i - 4*a. Let t(r) = -15 + 7 + 7 + r. Calculate t(i).
-1
Let h(i) = -i + 1. Suppose 5*y + 2*g = -0*y, -3*g - 15 = 0. Let j be (2/4)/(y/16). Let x = -1 + j. Calculate h(x).
-2
Let n(